pose 3*b = 5*d + 28, 4*d + 16 = -4*b - 0*d. Calculate the remainder when 24 is divided by (1 + b)*26/4.
11
Let j = -140 + 241. Calculate the remainder when j is divided by 26.
23
Let g = -1 + 0. Let x = g - -11. Calculate the remainder when 38 is divided by x.
8
Suppose 129 = 4*x + 21. Calculate the remainder when 105 is divided by x.
24
What is the remainder when (-52)/13 - (-182)/2 is divided by 22?
21
Let r(d) = -4 + 3 + 4*d + 0 + 4 + 2*d**2. What is the remainder when r(-5) is divided by 17?
16
Suppose -100 = -5*q + 3*q. Let a be (-2)/6*-5*3. Suppose -a*t + 60 = 5*x, 16 = x - t - 2*t. What is the remainder when q is divided by x?
11
Suppose 0*b = -2*b + 22. Let k = -7 + b. Let a(u) = u**3 + 11*u**2 + 9*u + 3. What is the remainder when a(-10) is divided by k?
1
Let p(i) = -3*i. Suppose 2*b - 5*z + 24 = b, z = -2*b - 4. What is the remainder when 46 is divided by p(b)?
10
Suppose -3 = -3*o - 0. Let b be 45*(8/10)/o. Let p = -26 + b. Calculate the remainder when 18 is divided by p.
8
Let d = -8 + 35. Suppose 2*n = 4*w + n - 57, 4*w = 2*n + 54. What is the remainder when d is divided by w?
12
Let y(g) be the third derivative of -g**4/12 - 11*g**3/6 - g**2. What is the remainder when 14 is divided by y(-8)?
4
Suppose 2*v - 110 - 46 = 0. Suppose 3*o + 21 = v. What is the remainder when 35 is divided by o?
16
What is the remainder when 1/(-1*(0 + (-2)/266)) is divided by 17?
14
Suppose 0 = -0*q - 4*q + 8. Suppose q*s + 20 = -2*c, 5*s = 5*c - 3*c - 15. Let b = 9 - c. What is the remainder when 27 is divided by b?
13
Suppose q + 5*j = 27, 2*q + 8*j = 4*j + 48. Suppose 0*r + 3*r = 36. Calculate the remainder when q is divided by r.
10
Let i(x) = x**2 - 6*x - 14. Let l be i(8). Suppose l*t + 5*v + 14 = 0, 4*v + 16 = -0*v. Calculate the remainder when 5 is divided by t.
2
Suppose 300 = 5*g - 210. What is the remainder when g is divided by 26?
24
Suppose a - 1 = 4. Suppose 2*c + 2*o = 7*o + 36, -3*c + 104 = 5*o. Suppose -7*d = -3*d - c. Calculate the remainder when d is divided by a.
2
Let s(w) = 7*w + 49. What is the remainder when s(9) is divided by 29?
25
Let t = 63 + -55. What is the remainder when 44 is divided by t?
4
Suppose 5 = 2*d - 23. Suppose -3*v + 156 = v. Calculate the remainder when v is divided by d.
11
Suppose -3*l + 42 + 64 = -5*j, -5*j = 2*l - 79. What is the remainder when l is divided by 20?
17
Calculate the remainder when 14 is divided by (-664)/(-72) - 2/9.
5
Let w be (-2)/10 - (-195)/(-25). Let n = w - -10. What is the remainder when 4 is divided by n?
0
What is the remainder when (-14)/(-4)*(-36)/(-42) is divided by 1?
0
Let t(c) = 3*c + 2. Calculate the remainder when t(9) is divided by 10.
9
Let y(c) = -3*c + 4. Let h be y(4). Let x = 45 - h. Suppose 0 = 7*a - 6*a - 18. What is the remainder when x is divided by a?
17
Calculate the remainder when (-28 - -4)*(-4)/3 is divided by 9.
5
Suppose -4*l = -5*n + n + 172, 2*n = 4*l + 88. Suppose -3*p + 3*w + n = 0, 4*p + 2*w + 0*w = 38. Calculate the remainder when 21 is divided by p.
10
Let w = -88 - -103. Calculate the remainder when w is divided by 3.
0
Let p = 113 + -106. Calculate the remainder when 16 is divided by p.
2
Let l = 311 - 20. What is the remainder when 10/45 - l/(-27) is divided by 7?
4
Let i = 88 - 39. Calculate the remainder when i is divided by 13.
10
Let l be 1/6 + (-69)/(-18). Calculate the remainder when (-2)/(-8) - (-127)/l is divided by 17.
15
Let u be 1/((4/(-3))/(-4)). Suppose -44 = u*x - 7*x. Calculate the remainder when 41 is divided by x.
8
Let d(c) = 6*c - 3. Suppose -5*s - 25 - 3 = -4*r, 5*s = 3*r - 26. Suppose -r*a + 0*a = -12. Calculate the remainder when d(4) is divided by a.
3
Suppose 2*q + 1 - 7 = 0. Let d be (-2)/(-6)*(-2 - 1). What is the remainder when (d + 0 - -2)*7 is divided by q?
1
Let p be (-2 - -2)/(-4) + 72. Suppose 0 = d + 3*d - p. Calculate the remainder when 106 is divided by d.
16
Let d(x) = x**3 - x**2 - 4*x + 4. Let l = 4 - 0. Let s(h) = -10*h - 1. What is the remainder when d(l) is divided by s(-2)?
17
Suppose y = -2*d + 3*d - 39, -3*d + 5*y + 119 = 0. What is the remainder when d is divided by 15?
8
Suppose -17 = s + 3*t, 0*s + 2*s - 5*t = -67. Let v = 36 + s. Suppose -v - 33 = -p. What is the remainder when p is divided by 15?
13
Suppose -2*r - 25 = -f, f - r = 32 - 8. What is the remainder when 44 is divided by f?
21
Let m = -22 + 46. Suppose -3 + 12 = 3*i. Calculate the remainder when m is divided by ((-26)/i)/(2/(-3)).
11
Suppose -4*w - 20 = w, -3*w = 4*s - 88. Let t be -1 + 6/(5 - 3). Suppose h + h = -t*b + 20, -4*b = -5*h + 86. What is the remainder when s is divided by h?
11
Let i(j) = -j - 1. Let p = 10 + -16. Let t = 0 - p. Calculate the remainder when t is divided by i(-3).
0
Let d be -1*5 + 8/(-4). Suppose 0*b = 5*b - 15, 2*m - 41 = -5*b. Let k = m + d. What is the remainder when 17 is divided by k?
5
What is the remainder when 71 is divided by (-2)/12 + (-109)/(-6)?
17
Let h(w) = -w**3 - 2*w**2 + 9. Calculate the remainder when 17 is divided by h(0).
8
Suppose -x = 4*a - 93, -8 + 122 = x - 3*a. Let s = x + -51. Let q = -35 + s. What is the remainder when q is divided by 7?
5
Suppose -h + 3*j + 13 = 0, 3*j - 12 = -h + 1. Let b = 44 - 19. What is the remainder when b is divided by h?
12
Let y = 1 - -3. Let p = -56 - -99. Calculate the remainder when p is divided by (-2)/8 - (-61)/y.
13
Suppose 4*g - s = 60, 32 = 4*g + 2*s - 28. Let j(c) = -5*c - 1. What is the remainder when j(-9) is divided by g?
14
Let t = -10 + 16. Suppose y - t*y + 5 = 0. What is the remainder when 21 is divided by (3/4)/(y/8)?
3
Let a = 24 - 6. Calculate the remainder when 71 is divided by a.
17
Let i(k) be the first derivative of -k**2/2 + 3*k - 1. Let w be 4/(-14) + 61/(-7). What is the remainder when 35 is divided by i(w)?
11
Suppose q + 4*q + 10 = 0, -5*b + 2*q + 309 = 0. What is the remainder when b is divided by 31?
30
Let k(w) = -w**3 + 10*w**2 + 1. Let v be k(10). What is the remainder when 74 is divided by v*-19*(-5 - -4)?
17
Let t(r) = -r**2 - 12*r + 13. What is the remainder when t(-9) is divided by 11?
7
Suppose -20 = -5*y - 0, -196 = -2*g - 3*y. Suppose 2*k - g = 42. Calculate the remainder when k is divided by 18.
13
Suppose 0 = 3*a - 1 - 5. Suppose h + 16 = a*v - 3*h, -v = 3*h - 3. Calculate the remainder when 9 is divided by v.
3
Suppose -5*w = -25, -5*a + 3*a + 23 = 3*w. Let d(v) = 4*v + 5. What is the remainder when d(5) is divided by (-57)/(-4) + a/(-16)?
11
Let i be (-3)/4 - 1/4. Let w = i - -10. Suppose -5 = 3*z - 20. What is the remainder when w is divided by z?
4
Let h be ((-2)/(-3))/((-2)/(-414)). Let t = -68 + h. What is the remainder when t is divided by 18?
16
Let m(l) = -l**2 - 6*l + 1. Let i = 19 + -12. Let b = 8 - i. What is the remainder when b is divided by m(-6)?
0
Suppose -20 = 5*s - 50. Let g(p) = 10*p**3 + 2*p**2 - 2*p + 1. Suppose -5*w + 2 = -3*w. Calculate the remainder when g(w) is divided by s.
5
Let u(p) = 2*p**2 + p + 1. Suppose -o + 14 = -3*i + 63, -33 = -i - 3*o. Calculate the remainder when i is divided by u(-2).
4
Let d(z) = -17*z - 2. Let x be (2 + (1 - 1))*-1. Calculate the remainder when d(x) is divided by 846/78 - 4/(-26).
10
Let y(z) = 4*z + 4. What is the remainder when y(3) is divided by 8?
0
Let o = 24 + -2. Suppose 5*d - o = k, -d + 0 = -3*k - 10. What is the remainder when (k - 1) + 3 + 21 is divided by 11?
10
Let n(s) = -s**2 - 8*s - 2. What is the remainder when 22 is divided by n(-7)?
2
Let v(p) = -p + 18. What is the remainder when 64 is divided by v(-4)?
20
Let r(z) = z**2 + 11*z + 7. Let q be r(-5). Let m = -11 - q. What is the remainder when ((-46)/8)/((-1)/4) is divided by m?
11
Let o = -25 - -89. Let g = o - 22. Calculate the remainder when g is divided by 11.
9
Suppose 49 = 6*v - 3*v + c, 4*v = 4*c + 76. What is the remainder when 82 is divided by v?
14
Let j(i) = 9*i - 2. Suppose 3*t - 1 = 4*x, -4*x + 0*x = -4*t + 4. Let c(a) = -a. Let z(f) = t*j(f) + 24*c(f). Calculate the remainder when z(5) is divided by 5.
4
Suppose 50 = 4*o + 5*x, 5*o + 5*x = 26 + 39. What is the remainder when 207 is divided by o?
12
Calculate the remainder when 98 is divided by -3 + (-5)/(10/(-56)).
23
Calculate the remainder when 58 is divided by (-3 - -5)/((-6)/(-27)).
4
Let k = 74 - 71. What is the r